what is -11180468 + -46?
-11180525
In base 14, what is -c8a141 + -1?
-c8a142
In base 14, what is 1c46a0 - -4b?
1c470b
In base 8, what is -511237 - -252?
-510765
In base 7, what is -104656501 + -23?
-104656524
In base 2, what is 100001001100 - -1001111100110?
1110000110010
In base 6, what is 122142221 + -12?
122142205
In base 5, what is -3134 + -21020121?
-21023310
In base 15, what is -6d - -890?
822
In base 10, what is 4233 - 2234?
1999
In base 14, what is -c0 - -333c?
325c
In base 8, what is -126730 - 1476?
-130426
In base 7, what is -2 + -4312602?
-4312604
In base 6, what is -32125444 + -10?
-32125454
In base 10, what is -5 + -49868347?
-49868352
In base 10, what is -1341744 + 16?
-1341728
In base 12, what is 53ab6a + 17?
53ab85
In base 4, what is 20222 - 302022101?
-302001213
In base 14, what is -4 + 12a0713b?
12a07137
In base 8, what is -3556 - 275?
-4053
In base 12, what is 1002b4047 + -3?
1002b4044
In base 6, what is -3033332 - 55?
-3033431
In base 14, what is 28196 + -a5?
280d1
In base 13, what is -1085 + 2bc66?
2abb1
In base 14, what is -946c1b + 34?
-946bc7
In base 10, what is 317 - 71440?
-71123
In base 16, what is -22 + -5c04f?
-5c071
In base 9, what is 5 - 7174567?
-7174562
In base 14, what is a217 + 67?
a280
In base 14, what is -2 - 89a7?
-89a9
In base 2, what is -1000 - 11010111011110111?
-11010111011111111
In base 2, what is 1110111000001000001110110 - 100?
1110111000001000001110010
In base 16, what is 56 - 10be05e?
-10be008
In base 12, what is -66 + -8695?
-873b
In base 11, what is -18701 - 2332?
-1aa33
In base 15, what is -d228 - -2d4a?
-a3cd
In base 9, what is 2111375 - 4?
2111371
In base 15, what is 15373 + -50?
15323
In base 3, what is -201202212102 + -12?
-201202212121
In base 12, what is -85 + 835083?
834bba
In base 10, what is -6671890 + -1?
-6671891
In base 6, what is -5503 - 20205?
-30112
In base 9, what is 1 - 422473244?
-422473243
In base 5, what is -1302021442 + 13?
-1302021424
In base 8, what is -75 + -1012245?
-1012342
In base 15, what is -3 - 9768d8c?
-9768d90
In base 3, what is -2022 - -2001221022?
2001212000
In base 2, what is -1000101001111011 - 1010110100100?
-1010000000011111
In base 2, what is 100 + 10101011000111110100111101?
10101011000111110101000001
In base 4, what is -332312200131 - 3?
-332312200200
In base 5, what is -1423 + -144410244?
-144412222
In base 16, what is 1007c - -1bf6?
11c72
In base 11, what is 0 + 1869355?
1869355
In base 5, what is 42311 - -20123?
112434
In base 2, what is 11000101 + 100000100110000001?
100000101001000110
In base 4, what is 1310332033 - -22320?
1311021013
In base 9, what is 37221 + -85?
37125
In base 4, what is -2133311121032 - 3?
-2133311121101
In base 15, what is 28 + -d92a1?
-d9278
In base 10, what is 6 - 210761712?
-210761706
In base 16, what is 29 - 1071e1?
-1071b8
In base 6, what is -112514430424 + -2?
-112514430430
In base 4, what is 311123120102 + 212?
311123120320
In base 14, what is -19a2 - -700?
-12a2
In base 7, what is -13065145 + 44?
-13065101
In base 2, what is 11110100000110110101 - 11?
11110100000110110010
In base 14, what is -11d5a1 + 8c?
-11d513
In base 10, what is -51 - -504764?
504713
In base 5, what is -22 + -1441134221?
-1441134243
In base 10, what is -487 + -151482?
-151969
In base 15, what is -36 + 190b37?
190b01
In base 12, what is -80584b + -337?
-805b86
In base 13, what is -2b5b + 23147?
202b9
In base 5, what is -1204430411 - -304?
-1204430102
In base 12, what is -84 - -1056bb1?
1056b29
In base 9, what is -371 + -178260?
-178641
In base 11, what is 43656230 - 1?
4365622a
In base 7, what is -1654 + -566163?
-601150
In base 9, what is 0 - -81201?
81201
In base 14, what is -213d353 + 1?
-213d352
In base 7, what is -66123401 - -62?
-66123306
In base 3, what is 20102002110 - 2010?
20102000100
In base 5, what is -2 - 11101334122?
-11101334124
In base 12, what is -1 + -2798757?
-2798758
In base 13, what is 580 + -434bb?
-42c3b
In base 6, what is -50535443 - 432?
-50540315
In base 3, what is -200001110 + 1021021210?
121020100
In base 5, what is -220 + 123030012?
123024242
In base 6, what is 345242 + 114?
345400
In base 3, what is 1110 + -22001221200200?
-22001221122020
In base 7, what is -1063124316 - -1?
-1063124315
In base 12, what is 4b4128 - 18?
4b4110
In base 2, what is 111010110001110001001 - 1?
111010110001110001000
In base 9, what is -1588810 + 1621?
-1587178
In base 2, what is -100111110001101 + 100010101?
-100111001111000
In base 9, what is 48307712 + 1?
48307713
In base 13, what is 15 + 17634?
17649
In base 2, what is 10000001 + -11010111100101000001101?
-11010111100100110001100
In base 14, what is -180 - -d870?
d6d0
In base 5, what is -444233412 - -1?
-444233411
In base 7, what is -354 - -1311600?
1311213
In base 8, what is -735 - 246436?
-247373
In base 11, what is -327362 + 38?
-327325
In base 8, what is -234754333 - 2?
-234754335
In base 6, what is -143235 + -322022?
-505301
In base 14, what is -d32969 + 1?
-d32968
In base 3, what is 20102012120102 + 10?
20102012120112
In base 15, what is -37e5a717 + 4?
-37e5a713
In base 16, what is -a61 + -24fd?
-2f5e
In base 8, what is 4 - 3117342?
-3117336
In base 5, what is -103442 + -140010?
-244002
In base 11, what is -a + -14a9031?
-14a9040
In base 6, what is 3305343 - -245?
3310032
In base 12, what is -68b16a - 11b?
-68b289
In base 5, what is 313 + 2313021?
2313334
In base 15, what is 4 + -15316e?
-15316a
In base 11, what is 5 + a4a2117?
a4a2121
In base 16, what is -85a + 3c2?
-498
In base 2, what is -111111100010 + -1000110101010010111?
-1000111101001111001
In base 9, what is 58271 + -218?
58052
In base 11, what is -1873 + 52524?
50761
In base 12, what is 40426a - 89?
4041a1
In base 12, what is -68a34 + a62?
-67b92
In base 9, what is 7 - -141837?
141845
In base 14, what is -a3a + -ba36?
-c672
In base 14, what is -5ab8a + 8a8?
-5a2c2
In base 11, what is 35 - 36795?
-36760
In base 5, what is -42302 + -30030?
-122332
In base 4, what is 23011331212 - -130?
23011332002
In base 12, what is -3b76b83 + -1?
-3b76b84
In base 14, what is -527a1c + -46?
-527a64
In base 15, what is 68 + -5d377c?
-5d3714
In base 13, what is -2 - -5c6bc1?
5c6bbc
In base 6, what is 1432431 + 131?
1433002
In base 5, what is 4 - 4433140301?
-4433140242
In base 2, what is 11 - 1101110111001010001101101?
-1101110111001010001101010
In base 13, what is 1752 - -1005c1?
102043
In base 5, what is -11 + -322424202?
-322424213
In base 9, what is 328236 + -273?
327853
In base 5, what is -123 + 201214433?
201214310
In base 3, what is -21111210102002222 + 1?
-21111210102002221
In base 15, what is -138 + -2a38?
-2b71
In base 3, what is 2120121102 - -2022000?
2122220102
In base 12, what is -13479814 + -7?
-1347981b
In base 13, what is -1a9c52c2 + 5?
-1a9c52ba
In base 9, what is 72 + 76586?
76668
In base 13, what is -533c23 - -1?
-533c22
In base 16, what is -3b73 + 146?
-3a2d
In base 11, what is -123472 + -131?
-1235a3
In base 6, what is -2 - 342052245?
-342052251
In base 9, what is -526100 - -834?
-525155
In base 8, what is 75464632 - -13?
75464645
In base 12, what is -46656988 - 3?
-4665698b
In base 2, what is -111011011010100 + -11111?
-111011011110011
In base 2, what is -110011100011111 - 10001101?
-110011110101100
In base 9, what is 2015 - 3626?
-1611
In base 16, what is -11ee93 - 2d?
-11eec0
In base 14, what is 270 - -dab02?
dad72
In base 10, what is -73466052 + 6?
-73466046
In base 14, what is 22c218 - -15?
22c22d
In base 15, what is 1b8307 + 1b?
1b8323
In base 3, what is 11101 - 21210222202211?
-21210222121110
In base 11, what is -58a550 + 17?
-58a534
In base 14, what is 9b1 + 16bd1?
177a2
In base 6, what is 53431032430 - -5?
53431032435
In base 7, what is -4421155 + -515?
-4422003
In base 9, what is -2 - 22310211?
-22310213
In base 2, what is -100001000001010011001101 - 1?
-100001000001010011001110
In base 13, what is 2 + 8b18b39?
8b18b3b
In base 14, what is 14d933 + 3b?
14d970
In base 2, what is 1110011111101 + 100001001111?
10010101001100
In base 8, what is -3016403 + -246?
-3016651
In base 3, what is 1111210002220010 - 1?
1111210002220002
In base 2, what is -110010111101001111000010111 + -101?
-110010111101001111000011100
In base 11, what is 4058 + 466?
4513
In base 16, what is 257c86 + 57?
257cdd
In base 8, what is -45410027 